{"id":1255,"date":"2019-02-22T16:41:38","date_gmt":"2019-02-22T16:41:38","guid":{"rendered":"http:\/\/webrelish.ch\/?page_id=1255"},"modified":"2019-05-21T16:00:36","modified_gmt":"2019-05-21T16:00:36","slug":"tapas","status":"publish","type":"page","link":"https:\/\/food-event.ch\/?page_id=1255","title":{"rendered":"Tapas"},"content":{"rendered":"<p class=\"bodytext\">Aus den unten aufgef\u00fchrten Ap\u00e9ro-H\u00e4ppchen k\u00f6nnen Sie individuell Ihren pers\u00f6nlichen Ap\u00e9ro zusammenstellen.<br \/>\nMindestbestellung von je 10 St\u00fcck, beziehungsweise Portionen pro Tapas.<\/p>\n\n<table id=\"tablepress-2\" class=\"tablepress tablepress-id-2\">\n<tbody class=\"row-striping row-hover\">\n<tr class=\"row-1\">\n\t<td class=\"column-1\"><strong>Tapas kalt<\/strong><\/td><td class=\"column-2\"> <\/td><td class=\"column-3\"> <\/td><td class=\"column-4\"><\/td>\n<\/tr>\n<tr class=\"row-2\">\n\t<td class=\"column-1\">marinierte Oliven (50g)<\/td><td class=\"column-2\"><\/td><td class=\"column-3\">CHF<\/td><td class=\"column-4\"> 7.40<\/td>\n<\/tr>\n<tr class=\"row-3\">\n\t<td class=\"column-1\">Ger\u00f6stete Mandeln (50g)<\/td><td class=\"column-2\"><\/td><td class=\"column-3\">CHF<\/td><td class=\"column-4\"> 6.70<\/td>\n<\/tr>\n<tr class=\"row-4\">\n\t<td class=\"column-1\">Paprikamandeln (50g)<\/td><td class=\"column-2\"><\/td><td class=\"column-3\">CHF<\/td><td class=\"column-4\"> 6.70<\/td>\n<\/tr>\n<tr class=\"row-5\">\n\t<td class=\"column-1\">Datteln im Seranomantel<\/td><td class=\"column-2\"><\/td><td class=\"column-3\">CHF<\/td><td class=\"column-4\"> 3.60<\/td>\n<\/tr>\n<tr class=\"row-6\">\n\t<td class=\"column-1\">gef\u00fcllte Feigen im Seranomantel<\/td><td class=\"column-2\">(nur Saisonal)<\/td><td class=\"column-3\">CHF<\/td><td class=\"column-4\"> 4.60<\/td>\n<\/tr>\n<tr class=\"row-7\">\n\t<td class=\"column-1\">Marinierte Auberginen<\/td><td class=\"column-2\"><\/td><td class=\"column-3\">CHF<\/td><td class=\"column-4\"> 3.50<\/td>\n<\/tr>\n<tr class=\"row-8\">\n\t<td class=\"column-1\">Aioli mit Brot<\/td><td class=\"column-2\"><\/td><td class=\"column-3\">CHF<\/td><td class=\"column-4\"> 3.70<\/td>\n<\/tr>\n<tr class=\"row-9\">\n\t<td class=\"column-1\"> <\/td><td class=\"column-2\"> <\/td><td class=\"column-3\"> <\/td><td class=\"column-4\"><\/td>\n<\/tr>\n<tr class=\"row-10\">\n\t<td class=\"column-1\"><strong>Tapas warm<\/strong><\/td><td class=\"column-2\"> <\/td><td class=\"column-3\"> <\/td><td class=\"column-4\"><\/td>\n<\/tr>\n<tr class=\"row-11\">\n\t<td class=\"column-1\">Knoblauch Champignons<\/td><td class=\"column-2\"><\/td><td class=\"column-3\">CHF<\/td><td class=\"column-4\">3.00<\/td>\n<\/tr>\n<tr class=\"row-12\">\n\t<td class=\"column-1\">Patatas bravas<br \/>\n(Pikante Kartoffeln)<\/td><td class=\"column-2\"><\/td><td class=\"column-3\">CHF<\/td><td class=\"column-4\">3.00<\/td>\n<\/tr>\n<tr class=\"row-13\">\n\t<td class=\"column-1\">Frittierter Manchego<\/td><td class=\"column-2\"><\/td><td class=\"column-3\">CHF<\/td><td class=\"column-4\">4.50<\/td>\n<\/tr>\n<tr class=\"row-14\">\n\t<td class=\"column-1\">Chorizo gebraten mit Knoblauch-Brotw\u00fcrfeli<\/td><td class=\"column-2\"> <\/td><td class=\"column-3\">CHF<\/td><td class=\"column-4\">6.20<\/td>\n<\/tr>\n<tr class=\"row-15\">\n\t<td class=\"column-1\">Chorizo in Rotwein<\/td><td class=\"column-2\"><\/td><td class=\"column-3\">CHF<\/td><td class=\"column-4\">6.20<\/td>\n<\/tr>\n<tr class=\"row-16\">\n\t<td class=\"column-1\">Chorizo-Parmesan B\u00e4llchen<\/td><td class=\"column-2\"><\/td><td class=\"column-3\">CHF<\/td><td class=\"column-4\">3.50<\/td>\n<\/tr>\n<tr class=\"row-17\">\n\t<td class=\"column-1\">Mini Fleischspiesse (Schweinefleisch)<\/td><td class=\"column-2\"><\/td><td class=\"column-3\">CHF<\/td><td class=\"column-4\">4.10<\/td>\n<\/tr>\n<tr class=\"row-18\">\n\t<td class=\"column-1\">Albondigas en salsa de tomate (2 Stk)<br \/>\n(Fleischb\u00e4llchen an Tomatensauce)<\/td><td class=\"column-2\"><\/td><td class=\"column-3\">CHF<\/td><td class=\"column-4\">5.50<\/td>\n<\/tr>\n<tr class=\"row-19\">\n\t<td class=\"column-1\">Kroketten mit Serrano-Schinken<\/td><td class=\"column-2\"><\/td><td class=\"column-3\">CHF<\/td><td class=\"column-4\">3.50<\/td>\n<\/tr>\n<tr class=\"row-20\">\n\t<td class=\"column-1\">Pimientos de Padr\u00f3n<br \/>\n(Peperoni aus Padr\u00f3n)<\/td><td class=\"column-2\"><\/td><td class=\"column-3\">CHF<\/td><td class=\"column-4\"> 7.00<\/td>\n<\/tr>\n<tr class=\"row-21\">\n\t<td class=\"column-1\">Gambas al ajillo<br \/>\n(Garnelen mit Knoblauch)<\/td><td class=\"column-2\"><\/td><td class=\"column-3\">CHF<\/td><td class=\"column-4\">11.00<\/td>\n<\/tr>\n<\/tbody>\n<\/table>\n<!-- #tablepress-2 from cache -->\n<p>Nicht gefunden was Sie sich vorgestellt haben? Fragen Sie uns, wir k\u00f6nnen Ihren Wunsch sicher erf\u00fcllen!<a href=\"https:\/\/food-event.ch\/#contact\"><img loading=\"lazy\" decoding=\"async\" class=\"alignnone size-thumbnail wp-image-1441\" src=\"https:\/\/food-event.ch\/wp-content\/uploads\/2019\/05\/email-150x150.png\" alt=\"\" width=\"45\" height=\"45\" srcset=\"https:\/\/food-event.ch\/wp-content\/uploads\/2019\/05\/email-150x150.png 150w, https:\/\/food-event.ch\/wp-content\/uploads\/2019\/05\/email-300x300.png 300w, https:\/\/food-event.ch\/wp-content\/uploads\/2019\/05\/email.png 720w\" sizes=\"auto, (max-width: 45px) 100vw, 45px\" \/><\/a><\/p>\n<p><a href=\"https:\/\/food-event.ch\/#about\">Zur\u00fcck (vorhergehende Seite)<\/a><\/p>\n","protected":false},"excerpt":{"rendered":"<p>Aus den unten aufgef\u00fchrten Ap\u00e9ro-H\u00e4ppchen k\u00f6nnen Sie individuell Ihren pers\u00f6nlichen Ap\u00e9ro zusammenstellen. Mindestbestellung von je 10 St\u00fcck, beziehungsweise Portionen pro Tapas. Nicht gefunden was Sie sich vorgestellt haben? Fragen Sie &#8230;<\/p>\n","protected":false},"author":1,"featured_media":0,"parent":35,"menu_order":205,"comment_status":"closed","ping_status":"closed","template":"","meta":{"footnotes":""},"class_list":["post-1255","page","type-page","status-publish","hentry"],"_links":{"self":[{"href":"https:\/\/food-event.ch\/index.php?rest_route=\/wp\/v2\/pages\/1255","targetHints":{"allow":["GET"]}}],"collection":[{"href":"https:\/\/food-event.ch\/index.php?rest_route=\/wp\/v2\/pages"}],"about":[{"href":"https:\/\/food-event.ch\/index.php?rest_route=\/wp\/v2\/types\/page"}],"author":[{"embeddable":true,"href":"https:\/\/food-event.ch\/index.php?rest_route=\/wp\/v2\/users\/1"}],"replies":[{"embeddable":true,"href":"https:\/\/food-event.ch\/index.php?rest_route=%2Fwp%2Fv2%2Fcomments&post=1255"}],"version-history":[{"count":13,"href":"https:\/\/food-event.ch\/index.php?rest_route=\/wp\/v2\/pages\/1255\/revisions"}],"predecessor-version":[{"id":1518,"href":"https:\/\/food-event.ch\/index.php?rest_route=\/wp\/v2\/pages\/1255\/revisions\/1518"}],"up":[{"embeddable":true,"href":"https:\/\/food-event.ch\/index.php?rest_route=\/wp\/v2\/pages\/35"}],"wp:attachment":[{"href":"https:\/\/food-event.ch\/index.php?rest_route=%2Fwp%2Fv2%2Fmedia&parent=1255"}],"curies":[{"name":"wp","href":"https:\/\/api.w.org\/{rel}","templated":true}]}}