{"id":48,"date":"2019-02-22T10:25:01","date_gmt":"2019-02-22T10:25:01","guid":{"rendered":"http:\/\/webrelish.ch\/?page_id=48"},"modified":"2019-02-22T15:29:56","modified_gmt":"2019-02-22T15:29:56","slug":"disclaimer","status":"publish","type":"page","link":"https:\/\/food-event.ch\/?page_id=48","title":{"rendered":"Disclaimer"},"content":{"rendered":"<p>Sie befinden sich auf der offiziellen Website der Food &amp; Event GmbH. Die Food &amp; Event GmbH ist ein Unternehmen mit Kernkompetenzen in den Bereichen Catering und Event und hochwertige Lebensmittel.<\/p>\n<p>Die Website der Food &amp; Event GmbH pr\u00e4sentiert Ihnen interessante Information rund um das Unternehmen und die Produkte. Zus\u00e4tzlich haben Sie auch die M\u00f6glichkeit, hochwertige Lebensmittel \u00fcber den Shop online zu bestellen.<\/p>\n<p>Mit der Nutzung dieser Website anerkennen Sie unsere Nutzungs- und Vertragsbedingungen und die geltenden Gesetze.<\/p>\n<p>Die auf dieser Seite verwendeten Inhalte sind Eigentum der Food &amp; Event GmbH. Das heisst, sie sind urheberrechtlich und\/oder markenrechtlich oder anderweitig besitzesrechtlich gesch\u00fctzt.<\/p>\n<p>Die Food &amp; Event GmbH kann die Nutzungsbedingungen ohne Vorank\u00fcndigung aktualisieren. Diese \u00c4nderungen sind dann verbindlich.<\/p>\n<p>Die Food &amp; Event GmbH ist bestrebt, dass der Inhalt der Website korrekt ist, \u00fcbernimmt jedoch keinerlei Haftung oder Gew\u00e4hr f\u00fcr die Aktualit\u00e4t, Korrektheit oder Vollst\u00e4ndigkeit der bereitgestellten Informationen.<\/p>\n<p>Die Inhalte der Website sind urheberrechtlich gesch\u00fctzt. Das Herunterladen und die Verwendung von Inhalten dieser Website sind nur f\u00fcr den nicht kommerziellen und pers\u00f6nlichen Gebrauch unter Angabe der Quelle erlaubt. Jede andere Verwendung ist untersagt. Alle Informationen auf dieser Website sind Eigentum der Food &amp; Event GmbH oder werden mit der Genehmigung Dritter verwendet. Die Verwendung (Verbreitung, Ver\u00e4nderung, Ver\u00f6ffentlichung, \u00dcbertragung usw.) dieser Inhalte, welche nicht im Zusammenhang mit der Gesch\u00e4ftst\u00e4tigkeit der Food &amp; Event GmbH stehen, bedarf einer schriftlichen Genehmigung. Verst\u00f6sse werden zivil- und\/oder strafrechtlich verfolgt.<\/p>\n<p>Food &amp; Event GmbH \u00fcbernimmt keine Haftung oder Gew\u00e4hr, dass der Gebrauch der auf dieser Seite verwendeten Materialien nicht die Rechte unabh\u00e4ngiger, nicht zur Food &amp; Event GmbH geh\u00f6render Dritter verletzt.<\/p>\n<p>Die Nutzung von Dokumenten und Dateien dieser Website erfolgen auf eigenes Risiko. Die Food &amp; Event GmbH \u00fcbernimmt keinerlei Verantwortung und ist nicht haftbar f\u00fcr m\u00f6gliche Viren oder andere Sch\u00e4den am Computersystem der User.<\/p>\n<p>Haftungsanspr\u00fcche, die sich auf Sch\u00e4den materieller oder ideeller Art beziehen, die durch die Nutzung oder Nichtnutzung der dargebotenen Informationen bzw. durch die Nutzung fehlerhafter und unvollst\u00e4ndiger Informationen verursacht wurden, sind grunds\u00e4tzlich ausgeschlossen.<\/p>\n<p>Die Food &amp; Event GmbH haftet nicht f\u00fcr Sch\u00e4den, Folgesch\u00e4den oder Schadenersatzanspr\u00fcche, die aus der Nutzung der Website entstehen.<\/p>\n<p>Links auf fremde Internetseiten liegen nicht im Verantwortungsbereich der Food &amp; Event GmbH. Sie \u00fcberpr\u00fcft diese Seiten nicht und ist auch nicht verantwortlich und nicht haftbar f\u00fcr deren Inhalte.<\/p>\n","protected":false},"excerpt":{"rendered":"<p>Sie befinden sich auf der offiziellen Website der Food &amp; Event GmbH. Die Food &amp; Event GmbH ist ein Unternehmen mit Kernkompetenzen in den Bereichen Catering und Event und hochwertige &#8230;<\/p>\n","protected":false},"author":1,"featured_media":0,"parent":0,"menu_order":9999,"comment_status":"closed","ping_status":"closed","template":"","meta":{"footnotes":""},"class_list":["post-48","page","type-page","status-publish","hentry"],"_links":{"self":[{"href":"https:\/\/food-event.ch\/index.php?rest_route=\/wp\/v2\/pages\/48","targetHints":{"allow":["GET"]}}],"collection":[{"href":"https:\/\/food-event.ch\/index.php?rest_route=\/wp\/v2\/pages"}],"about":[{"href":"https:\/\/food-event.ch\/index.php?rest_route=\/wp\/v2\/types\/page"}],"author":[{"embeddable":true,"href":"https:\/\/food-event.ch\/index.php?rest_route=\/wp\/v2\/users\/1"}],"replies":[{"embeddable":true,"href":"https:\/\/food-event.ch\/index.php?rest_route=%2Fwp%2Fv2%2Fcomments&post=48"}],"version-history":[{"count":1,"href":"https:\/\/food-event.ch\/index.php?rest_route=\/wp\/v2\/pages\/48\/revisions"}],"predecessor-version":[{"id":49,"href":"https:\/\/food-event.ch\/index.php?rest_route=\/wp\/v2\/pages\/48\/revisions\/49"}],"wp:attachment":[{"href":"https:\/\/food-event.ch\/index.php?rest_route=%2Fwp%2Fv2%2Fmedia&parent=48"}],"curies":[{"name":"wp","href":"https:\/\/api.w.org\/{rel}","templated":true}]}}